rs of b?
11
Suppose 0 = t + 3, 4*t + 696 = 3*v - 0*v. Suppose -2*i + v = 5*d, -d + 52 = 2*i - 0. What are the prime factors of d?
2, 11
Let x be (-65)/(-10)*12 + 0. Let b = 134 - x. List the prime factors of b.
2, 7
Let s = -713 + 820. List the prime factors of s.
107
Let p(j) = 22*j**2 + 3. List the prime factors of p(4).
5, 71
Let g be ((-5)/(-5))/((-3)/6). Let o be (g/(-8))/(2/24). Suppose o*x - 18 = 57. What are the prime factors of x?
5
Let v(x) = 2*x**2 - 5*x + 9. Let m be v(3). Let i be 5 - (8 + m/(-3)). Suppose -i - 6 = -b. What are the prime factors of b?
7
Let i = 52 - -521. What are the prime factors of 6/(-21) - i/(-21)?
3
Suppose -6*i - 495 = -3495. List the prime factors of i.
2, 5
Let d(n) = 4*n + 13. Let b(o) = -9*o - 28. Let z(s) = 3*b(s) + 7*d(s). Let k(y) = 2*y + 6. Let t be k(-5). What are the prime factors of z(t)?
3
Let f(w) = w**3 + 9*w**2 + 3*w - 23. Let a be f(7). Suppose -1044 = -4*d - 8*h + 10*h, -3*d + 2*h = -a. List the prime factors of d.
2, 131
Let r = 222 - 92. Suppose 3*g + r = 8*g. What are the prime factors of g?
2, 13
Let u = -1652 - -2000. List the prime factors of u.
2, 3, 29
Let s(t) = t**2 - 5*t + 96. List the prime factors of s(-18).
2, 3, 5, 17
Let f(s) = 11*s + 372. List the prime factors of f(17).
13, 43
Suppose -3*k = -3*o - k + 13939, k + 4645 = o. List the prime factors of o.
4649
Suppose -6*d = -d, 0 = -4*b + 6*d + 3636. List the prime factors of b.
3, 101
Let b(j) = -j + 2. Let v be b(6). Let g = 0 - v. Suppose 4*k - 188 = 2*i, k + i - 37 = g*i. List the prime factors of k.
7
Let m(y) = y**3 - 3*y**2 + 42*y - 231. List the prime factors of m(7).
7, 37
Let p = -13 + 12. Let h = 7 + p. Let x(q) = -q**2 + 9*q - 12. What are the prime factors of x(h)?
2, 3
Suppose -4*q + 2 = b, b - 4 = -5*q - b. Suppose q = -3*g - 17 + 5, 0 = -4*i + 3*g + 352. What are the prime factors of i?
5, 17
Let u(g) = g**3 - 18*g**2 + 17*g + 3. Let l be u(17). Suppose -2*s = -2*o - 188, s = l*o - 8*o + 88. What are the prime factors of s?
3, 31
Let s(y) = y**2 + 5*y. Let t be s(-4). Let l(o) = o**3 + 4*o**2 - 3*o - 8. Let a be l(t). Let g = 43 - a. List the prime factors of g.
3, 13
Let p(w) = -w**3 + 8*w**2 + 8*w - 3. Let j be p(9). Let u = -12 - j. Suppose u = -3*s + 5*s - 30. List the prime factors of s.
3, 5
Let v = 19 + -23. List the prime factors of (18/(-5) - v)*60.
2, 3
Suppose 28*n = 29*n + 3, 0 = 3*p + 4*n - 4506. List the prime factors of p.
2, 3, 251
Suppose 0 = 4*w - 54*l + 49*l - 7894, 5*l = 5*w - 9870. List the prime factors of w.
2, 13, 19
List the prime factors of (((-9276)/(-15))/((-4)/10))/(-2).
773
Suppose 7*j + 20978 = 41*j. What are the prime factors of j?
617
Suppose -3*s + 9*o - 1 = 14*o, -o + 1 = s. List the prime factors of s.
3
Let o = 148 - 91. List the prime factors of o.
3, 19
Suppose -5*o + l + 283 = 0, 0 = 5*o + 5*l - 123 - 142. What are the prime factors of o?
2, 7
Let x be -2 - 3/(15/(-85)). Let c = -17 - -13. Let v = x - c. What are the prime factors of v?
19
Let d be (2 + -8)/(9/(-6)). Suppose d*j - 70 = -14. Let z = j - -14. List the prime factors of z.
2, 7
Let k be ((-3)/(3/(-13)))/(20/200). Let x = k + -23. List the prime factors of x.
107
Let c(g) = 45*g**3 - 2*g**2 - 7*g + 8. What are the prime factors of c(3)?
2, 37
Let t(k) = k**3 - 15*k**2 - 32*k - 12. What are the prime factors of t(22)?
2, 167
Suppose -3*m - 17 = -5*b, -b - 32 = 4*m + 6. Let u(w) = w. Let g be u(m). Let c(n) = -n**3 - 8*n**2 + 9*n + 10. What are the prime factors of c(g)?
2, 5
Let v(w) = -w**3 - 7*w**2 + 13*w - 1. Let k be v(-9). Suppose -h + 24 = -k. What are the prime factors of h?
2, 17
Let o(z) = 8*z + 26. Let k(p) = p**2 + 9*p + 6. Let b be k(-9). List the prime factors of o(b).
2, 37
Let k be 1015/91 - (-2)/(-13). Suppose -4*u + 6 + k = 3*i, 2*u = -i + 7. Suppose q + 58 = i*q. List the prime factors of q.
29
Suppose -2*b - 3342 = -3*v - b, 4*b = 0. Let n = -782 + v. What are the prime factors of n?
2, 83
Let l(z) = 3*z**2 - 4*z + 8. Let n be l(4). What are the prime factors of (0 - 1)*(-7 - n)?
47
Suppose n + 810 = 93. Let z = -485 - n. List the prime factors of z.
2, 29
Let m = -164 + 273. List the prime factors of m.
109
Let y = -1 + 5. Suppose 3 = 3*z - 3*h, -8*z + 5*h + 3 = -y*z. Suppose -p = -6 + z. List the prime factors of p.
2
Suppose -2*p + 1255 = 407. What are the prime factors of p?
2, 53
Let h = -122 + 217. List the prime factors of h.
5, 19
Let d = -1838 + 2909. List the prime factors of d.
3, 7, 17
Suppose 8 = -2*w - 4*o, -4*o = 3*w - 3*o - 8. Suppose 3*z = w*z - 199. List the prime factors of z.
199
Let f(c) be the second derivative of c**4/2 + 5*c**3/6 - 9*c**2/2 - 13*c. List the prime factors of f(-4).
67
Let i(p) be the first derivative of 4*p**2 - 11*p - 8. List the prime factors of i(4).
3, 7
Suppose 10*g = 7*g. Suppose -3*v - 188 + 563 = 5*w, g = -4*v. List the prime factors of w.
3, 5
Let h be 1/(4 + (-21)/6). Let f(y) = -2*y + 6. Let b be f(h). Suppose -5*j = -g - 51, j - 15 = g - b*g. List the prime factors of j.
11
Let k(j) = 524 - 537 + 15*j - 2*j. List the prime factors of k(8).
7, 13
Let g be 0/((-2)/4*4). Suppose g = -l + 9 - 4, 5*m = -4*l + 130. What are the prime factors of m?
2, 11
Suppose 0 = -2*r - 5*o + 1910, -125 = -r + 4*o + 804. List the prime factors of r.
3, 5, 7
Suppose -64*i + 16212 = -58*i. What are the prime factors of i?
2, 7, 193
Let u(g) = 54*g - 16. List the prime factors of u(20).
2, 7, 19
Let g(u) = -8*u + 9. Let i be g(-2). Suppose 0 = -i*h + 30*h - 30. List the prime factors of h.
2, 3
Let h(w) = 13*w**2 - 23*w + 70. What are the prime factors of h(16)?
2, 3, 5, 101
Suppose 4*k + 2*f = 3800, 0 = -2*k + k + 4*f + 932. List the prime factors of k.
2, 3, 79
Let m be 9/(-2) + 3/(10 + -4). List the prime factors of 153*m/(-48)*4*4.
2, 3, 17
Suppose 3*y - 7 = 8, -5*y = -2*m + 719. List the prime factors of m.
2, 3, 31
Let r(f) = -15*f - 5. Let z be r(5). Let a = z - -115. Let y = a - 13. List the prime factors of y.
2, 11
Let x(f) = f**2 + 8*f - 9. Let d be x(-10). Let y = d + -8. Suppose -y*p - o = -24, -2*p + 25 - 1 = -2*o. List the prime factors of p.
3
Let o(b) = 32*b**2 - 3*b + 2. What are the prime factors of o(4)?
2, 251
Let s be (-1 + 9)/(-6*6/(-18)). What are the prime factors of (-2)/s*(5 + -2 - 19)?
2
Let u be (-24)/(4 - 8)*1. Let f = 12 + u. What are the prime factors of f?
2, 3
What are the prime factors of (-7*7)/((-2)/8*4)?
7
Let g = 15 + -33. Let h be (-4)/3*g/4. Let j(k) = k**3 - 5*k**2 - 2*k - 1. List the prime factors of j(h).
23
Let h = -20 + 293. Suppose -t + 8*t = h. Suppose 0 = -2*i + 39 + t. List the prime factors of i.
3, 13
Suppose 6*r - r - 635 = 0. Suppose 5*w + 15 = 2*u, 4*u - 3*w = -w + 38. Suppose u = -3*z + r. What are the prime factors of z?
3, 13
Let k(w) = 3*w**2 - 19*w + 59. What are the prime factors of k(16)?
523
Let q = -1811 + 4335. What are the prime factors of q?
2, 631
Let l(r) = 89*r - 3. What are the prime factors of l(2)?
5, 7
Suppose 2*p + 15 = 3*p + 5*w, w = 4*p + 3. Suppose c = -3*c, 4*f - 2*c + 8 = p. Let g = 12 + f. What are the prime factors of g?
2, 5
Suppose -3*p = 5*q - 10, 0 = -5*q - 7 + 2. Suppose -10 = r - 3*w, -r - w + p*w = 12. List the prime factors of ((-4)/(-6))/(r/(-114)).
19
Let l = -48 - -57. Suppose -258 = -3*p + k, 3*k - 444 = -l*p + 4*p. List the prime factors of p.
3, 29
Let z(l) = l + 11. Let v be z(0). Let r(d) = d**2 - 14*d - 5. Let t be r(14). Let n = v + t. List the prime factors of n.
2, 3
Let w(c) = -c**3 + 30*c**2 + 4*c + 42. List the prime factors of w(30).
2, 3
Let v(s) = -6*s**3 + s**2 - 6*s - 11. Let w(h) = h**2 - 22*h + 18. Let g be w(21). What are the prime factors of v(g)?
2, 89
Let w be (-4 - -5)/((-1)/(-3)). Suppose 8*y - 3*y + 3*l = -14, 0 = w*y + l + 6. List the prime factors of 2*y*(-11)/1.
2, 11
List the prime factors of (-1824)/(-17 - -16) - 1*6.
2, 3, 101
Let c(u) = -u**2 + 17*u. Let s be c(20). Suppose -a + 3*a + 84 = 0. Let m = a - s. List the prime factors of m.
2, 3
Suppose g - 191 = -3*s + 167, 2*s - 222 = -4*g. List the prime factors of s.
11
Suppose 0 = -7*r + 47 + 9. What are the prime factors of 582/r + 21/84?
73
Let m(u) = -2*u**2 + 9*u + 7. Let y be m(5). Let b = 3 - 5. What are the prime factors of b*(-1 + -5) + y?
2, 7
Let o(q) = -4*q**2 + 207*q - 37. 